{"id":57,"date":"2021-08-09T11:04:23","date_gmt":"2021-08-09T11:04:23","guid":{"rendered":"https:\/\/tnttunes.pl\/?post_type=product&#038;p=57"},"modified":"2025-12-17T09:08:13","modified_gmt":"2025-12-17T09:08:13","slug":"lazy-class-interesting-times-cd","status":"publish","type":"product","link":"https:\/\/tnttunes.pl\/?product=lazy-class-interesting-times-cd","title":{"rendered":"Lazy Class -Interesting Times CD"},"content":{"rendered":"<p>Pierwsza du\u017ca p\u0142yta warszawskich street punkowc\u00f3w.<\/p>\n<p>14 kawa\u0142k\u00f3w melodyjnego ulicznego punk rocka na \u015bwiatowym poziomie.<\/p>\n<p>1.Intro01:02<br \/>\n2.Fuck You01:00<br \/>\n3.Lost In Your Lies01:56<br \/>\n4.The Place I Come From03:38<br \/>\n5.Interesting Times03:06<br \/>\n6.Songs Of The Anger02:35<br \/>\n7.Born To Lose02:56<br \/>\n8.Same Old Battle04:00<br \/>\n9.The Time Will Come02:56<br \/>\n10.We&#8217;ve Been Thru The Same Shit02:08<br \/>\n11.Adversities02:30<br \/>\n12.Pressure Rising03:42<br \/>\n13.Sick Of You02:27<br \/>\n14.Made It Out Alive02:40<\/p>\n","protected":false},"excerpt":{"rendered":"<p>Pierwsza du\u017ca p\u0142yta warszawskich street punkowc\u00f3w. 14 kawa\u0142k\u00f3w melodyjnego ulicznego punk rocka na \u015bwiatowym poziomie. 1.Intro01:02 2.Fuck You01:00 3.Lost In Your Lies01:56 4.The Place I Come From03:38 5.Interesting Times03:06 6.Songs Of The Anger02:35 7.Born To Lose02:56 8.Same Old Battle04:00 9.The Time Will Come02:56 10.We&#8217;ve Been Thru The Same Shit02:08 11.Adversities02:30 12.Pressure Rising03:42 13.Sick Of You02:27 [&hellip;]<\/p>\n","protected":false},"featured_media":58,"template":"","meta":{"_monsterinsights_skip_tracking":false,"_monsterinsights_sitenote_active":false,"_monsterinsights_sitenote_note":"","_monsterinsights_sitenote_category":0},"product_brand":[],"product_cat":[19],"product_tag":[24,23,25,26],"class_list":{"0":"post-57","1":"product","2":"type-product","3":"status-publish","4":"has-post-thumbnail","6":"product_cat-plyty-cd","7":"product_tag-interesting-times","8":"product_tag-lazy-class","9":"product_tag-punk","10":"product_tag-punk-rock","12":"first","13":"instock","14":"shipping-taxable","15":"purchasable","16":"product-type-simple"},"yoast_head":"<!-- This site is optimized with the Yoast SEO plugin v24.7 - https:\/\/yoast.com\/wordpress\/plugins\/seo\/ -->\n<title>Lazy Class -Interesting Times CD - TNT Tunes<\/title>\n<meta name=\"robots\" content=\"index, follow, max-snippet:-1, max-image-preview:large, max-video-preview:-1\" \/>\n<link rel=\"canonical\" href=\"https:\/\/tnttunes.pl\/?product=lazy-class-interesting-times-cd\" \/>\n<meta property=\"og:locale\" content=\"pl_PL\" \/>\n<meta property=\"og:type\" content=\"article\" \/>\n<meta property=\"og:title\" content=\"Lazy Class -Interesting Times CD - TNT Tunes\" \/>\n<meta property=\"og:description\" content=\"Pierwsza du\u017ca p\u0142yta warszawskich street punkowc\u00f3w. 14 kawa\u0142k\u00f3w melodyjnego ulicznego punk rocka na \u015bwiatowym poziomie. 1.Intro01:02 2.Fuck You01:00 3.Lost In Your Lies01:56 4.The Place I Come From03:38 5.Interesting Times03:06 6.Songs Of The Anger02:35 7.Born To Lose02:56 8.Same Old Battle04:00 9.The Time Will Come02:56 10.We&#8217;ve Been Thru The Same Shit02:08 11.Adversities02:30 12.Pressure Rising03:42 13.Sick Of You02:27 [&hellip;]\" \/>\n<meta property=\"og:url\" content=\"https:\/\/tnttunes.pl\/?product=lazy-class-interesting-times-cd\" \/>\n<meta property=\"og:site_name\" content=\"TNT Tunes\" \/>\n<meta property=\"article:modified_time\" content=\"2025-12-17T09:08:13+00:00\" \/>\n<meta property=\"og:image\" content=\"https:\/\/tnttunes.pl\/wp-content\/uploads\/2021\/08\/CDcover.jpg\" \/>\n\t<meta property=\"og:image:width\" content=\"1034\" \/>\n\t<meta property=\"og:image:height\" content=\"1041\" \/>\n\t<meta property=\"og:image:type\" content=\"image\/jpeg\" \/>\n<meta name=\"twitter:card\" content=\"summary_large_image\" \/>\n<meta name=\"twitter:label1\" content=\"Szacowany czas czytania\" \/>\n\t<meta name=\"twitter:data1\" content=\"1 minuta\" \/>\n<script type=\"application\/ld+json\" class=\"yoast-schema-graph\">{\"@context\":\"https:\/\/schema.org\",\"@graph\":[{\"@type\":\"WebPage\",\"@id\":\"https:\/\/tnttunes.pl\/?product=lazy-class-interesting-times-cd\",\"url\":\"https:\/\/tnttunes.pl\/?product=lazy-class-interesting-times-cd\",\"name\":\"Lazy Class -Interesting Times CD - TNT Tunes\",\"isPartOf\":{\"@id\":\"https:\/\/tnttunes.pl\/#website\"},\"primaryImageOfPage\":{\"@id\":\"https:\/\/tnttunes.pl\/?product=lazy-class-interesting-times-cd#primaryimage\"},\"image\":{\"@id\":\"https:\/\/tnttunes.pl\/?product=lazy-class-interesting-times-cd#primaryimage\"},\"thumbnailUrl\":\"https:\/\/tnttunes.pl\/wp-content\/uploads\/2021\/08\/CDcover.jpg\",\"datePublished\":\"2021-08-09T11:04:23+00:00\",\"dateModified\":\"2025-12-17T09:08:13+00:00\",\"breadcrumb\":{\"@id\":\"https:\/\/tnttunes.pl\/?product=lazy-class-interesting-times-cd#breadcrumb\"},\"inLanguage\":\"pl-PL\",\"potentialAction\":[{\"@type\":\"ReadAction\",\"target\":[\"https:\/\/tnttunes.pl\/?product=lazy-class-interesting-times-cd\"]}]},{\"@type\":\"ImageObject\",\"inLanguage\":\"pl-PL\",\"@id\":\"https:\/\/tnttunes.pl\/?product=lazy-class-interesting-times-cd#primaryimage\",\"url\":\"https:\/\/tnttunes.pl\/wp-content\/uploads\/2021\/08\/CDcover.jpg\",\"contentUrl\":\"https:\/\/tnttunes.pl\/wp-content\/uploads\/2021\/08\/CDcover.jpg\",\"width\":1034,\"height\":1041},{\"@type\":\"BreadcrumbList\",\"@id\":\"https:\/\/tnttunes.pl\/?product=lazy-class-interesting-times-cd#breadcrumb\",\"itemListElement\":[{\"@type\":\"ListItem\",\"position\":1,\"name\":\"Strona g\u0142\u00f3wna\",\"item\":\"https:\/\/tnttunes.pl\/\"},{\"@type\":\"ListItem\",\"position\":2,\"name\":\"Sklep\",\"item\":\"https:\/\/tnttunes.pl\/?page_id=6\"},{\"@type\":\"ListItem\",\"position\":3,\"name\":\"Lazy Class -Interesting Times CD\"}]},{\"@type\":\"WebSite\",\"@id\":\"https:\/\/tnttunes.pl\/#website\",\"url\":\"https:\/\/tnttunes.pl\/\",\"name\":\"TNT Tunes\",\"description\":\"In punk we trust\",\"publisher\":{\"@id\":\"https:\/\/tnttunes.pl\/#organization\"},\"potentialAction\":[{\"@type\":\"SearchAction\",\"target\":{\"@type\":\"EntryPoint\",\"urlTemplate\":\"https:\/\/tnttunes.pl\/?s={search_term_string}\"},\"query-input\":{\"@type\":\"PropertyValueSpecification\",\"valueRequired\":true,\"valueName\":\"search_term_string\"}}],\"inLanguage\":\"pl-PL\"},{\"@type\":\"Organization\",\"@id\":\"https:\/\/tnttunes.pl\/#organization\",\"name\":\"TNT Tunes\",\"url\":\"https:\/\/tnttunes.pl\/\",\"logo\":{\"@type\":\"ImageObject\",\"inLanguage\":\"pl-PL\",\"@id\":\"https:\/\/tnttunes.pl\/#\/schema\/logo\/image\/\",\"url\":\"https:\/\/tnttunes.pl\/wp-content\/uploads\/2021\/08\/cropped-TNT-logo-scaled-1.jpg\",\"contentUrl\":\"https:\/\/tnttunes.pl\/wp-content\/uploads\/2021\/08\/cropped-TNT-logo-scaled-1.jpg\",\"width\":2560,\"height\":1046,\"caption\":\"TNT Tunes\"},\"image\":{\"@id\":\"https:\/\/tnttunes.pl\/#\/schema\/logo\/image\/\"}}]}<\/script>\n<!-- \/ Yoast SEO plugin. -->","yoast_head_json":{"title":"Lazy Class -Interesting Times CD - TNT Tunes","robots":{"index":"index","follow":"follow","max-snippet":"max-snippet:-1","max-image-preview":"max-image-preview:large","max-video-preview":"max-video-preview:-1"},"canonical":"https:\/\/tnttunes.pl\/?product=lazy-class-interesting-times-cd","og_locale":"pl_PL","og_type":"article","og_title":"Lazy Class -Interesting Times CD - TNT Tunes","og_description":"Pierwsza du\u017ca p\u0142yta warszawskich street punkowc\u00f3w. 14 kawa\u0142k\u00f3w melodyjnego ulicznego punk rocka na \u015bwiatowym poziomie. 1.Intro01:02 2.Fuck You01:00 3.Lost In Your Lies01:56 4.The Place I Come From03:38 5.Interesting Times03:06 6.Songs Of The Anger02:35 7.Born To Lose02:56 8.Same Old Battle04:00 9.The Time Will Come02:56 10.We&#8217;ve Been Thru The Same Shit02:08 11.Adversities02:30 12.Pressure Rising03:42 13.Sick Of You02:27 [&hellip;]","og_url":"https:\/\/tnttunes.pl\/?product=lazy-class-interesting-times-cd","og_site_name":"TNT Tunes","article_modified_time":"2025-12-17T09:08:13+00:00","og_image":[{"width":1034,"height":1041,"url":"https:\/\/tnttunes.pl\/wp-content\/uploads\/2021\/08\/CDcover.jpg","type":"image\/jpeg"}],"twitter_card":"summary_large_image","twitter_misc":{"Szacowany czas czytania":"1 minuta"},"schema":{"@context":"https:\/\/schema.org","@graph":[{"@type":"WebPage","@id":"https:\/\/tnttunes.pl\/?product=lazy-class-interesting-times-cd","url":"https:\/\/tnttunes.pl\/?product=lazy-class-interesting-times-cd","name":"Lazy Class -Interesting Times CD - TNT Tunes","isPartOf":{"@id":"https:\/\/tnttunes.pl\/#website"},"primaryImageOfPage":{"@id":"https:\/\/tnttunes.pl\/?product=lazy-class-interesting-times-cd#primaryimage"},"image":{"@id":"https:\/\/tnttunes.pl\/?product=lazy-class-interesting-times-cd#primaryimage"},"thumbnailUrl":"https:\/\/tnttunes.pl\/wp-content\/uploads\/2021\/08\/CDcover.jpg","datePublished":"2021-08-09T11:04:23+00:00","dateModified":"2025-12-17T09:08:13+00:00","breadcrumb":{"@id":"https:\/\/tnttunes.pl\/?product=lazy-class-interesting-times-cd#breadcrumb"},"inLanguage":"pl-PL","potentialAction":[{"@type":"ReadAction","target":["https:\/\/tnttunes.pl\/?product=lazy-class-interesting-times-cd"]}]},{"@type":"ImageObject","inLanguage":"pl-PL","@id":"https:\/\/tnttunes.pl\/?product=lazy-class-interesting-times-cd#primaryimage","url":"https:\/\/tnttunes.pl\/wp-content\/uploads\/2021\/08\/CDcover.jpg","contentUrl":"https:\/\/tnttunes.pl\/wp-content\/uploads\/2021\/08\/CDcover.jpg","width":1034,"height":1041},{"@type":"BreadcrumbList","@id":"https:\/\/tnttunes.pl\/?product=lazy-class-interesting-times-cd#breadcrumb","itemListElement":[{"@type":"ListItem","position":1,"name":"Strona g\u0142\u00f3wna","item":"https:\/\/tnttunes.pl\/"},{"@type":"ListItem","position":2,"name":"Sklep","item":"https:\/\/tnttunes.pl\/?page_id=6"},{"@type":"ListItem","position":3,"name":"Lazy Class -Interesting Times CD"}]},{"@type":"WebSite","@id":"https:\/\/tnttunes.pl\/#website","url":"https:\/\/tnttunes.pl\/","name":"TNT Tunes","description":"In punk we trust","publisher":{"@id":"https:\/\/tnttunes.pl\/#organization"},"potentialAction":[{"@type":"SearchAction","target":{"@type":"EntryPoint","urlTemplate":"https:\/\/tnttunes.pl\/?s={search_term_string}"},"query-input":{"@type":"PropertyValueSpecification","valueRequired":true,"valueName":"search_term_string"}}],"inLanguage":"pl-PL"},{"@type":"Organization","@id":"https:\/\/tnttunes.pl\/#organization","name":"TNT Tunes","url":"https:\/\/tnttunes.pl\/","logo":{"@type":"ImageObject","inLanguage":"pl-PL","@id":"https:\/\/tnttunes.pl\/#\/schema\/logo\/image\/","url":"https:\/\/tnttunes.pl\/wp-content\/uploads\/2021\/08\/cropped-TNT-logo-scaled-1.jpg","contentUrl":"https:\/\/tnttunes.pl\/wp-content\/uploads\/2021\/08\/cropped-TNT-logo-scaled-1.jpg","width":2560,"height":1046,"caption":"TNT Tunes"},"image":{"@id":"https:\/\/tnttunes.pl\/#\/schema\/logo\/image\/"}}]}},"_links":{"self":[{"href":"https:\/\/tnttunes.pl\/index.php?rest_route=\/wp\/v2\/product\/57","targetHints":{"allow":["GET"]}}],"collection":[{"href":"https:\/\/tnttunes.pl\/index.php?rest_route=\/wp\/v2\/product"}],"about":[{"href":"https:\/\/tnttunes.pl\/index.php?rest_route=\/wp\/v2\/types\/product"}],"wp:featuredmedia":[{"embeddable":true,"href":"https:\/\/tnttunes.pl\/index.php?rest_route=\/wp\/v2\/media\/58"}],"wp:attachment":[{"href":"https:\/\/tnttunes.pl\/index.php?rest_route=%2Fwp%2Fv2%2Fmedia&parent=57"}],"wp:term":[{"taxonomy":"product_brand","embeddable":true,"href":"https:\/\/tnttunes.pl\/index.php?rest_route=%2Fwp%2Fv2%2Fproduct_brand&post=57"},{"taxonomy":"product_cat","embeddable":true,"href":"https:\/\/tnttunes.pl\/index.php?rest_route=%2Fwp%2Fv2%2Fproduct_cat&post=57"},{"taxonomy":"product_tag","embeddable":true,"href":"https:\/\/tnttunes.pl\/index.php?rest_route=%2Fwp%2Fv2%2Fproduct_tag&post=57"}],"curies":[{"name":"wp","href":"https:\/\/api.w.org\/{rel}","templated":true}]}}